{"id":2,"date":"2020-07-03T08:01:41","date_gmt":"2020-07-03T08:01:41","guid":{"rendered":"https:\/\/geometriasjurid.webs.upv.es\/?page_id=2"},"modified":"2021-06-25T09:57:20","modified_gmt":"2021-06-25T09:57:20","slug":"objetivo-del-master","status":"publish","type":"page","link":"https:\/\/geometriasjurid.webs.upv.es\/index.php\/objetivo-del-master\/","title":{"rendered":"Objetivo del M\u00e1ster"},"content":{"rendered":"\n<blockquote class=\"wp-block-quote is-layout-flow wp-block-quote-is-layout-flow\"><p>El objetivo del M\u00e1ster es formar al alumnado en materias jur\u00eddicas y tecnol\u00f3gicas necesarias para realizar cualquier tipo de proyecto relacionado con la delimitaci\u00f3n precisa de la propiedad inmobiliaria y otros derechos reales.<\/p><p>El M\u00e1ster en Geometr\u00edas Jur\u00eddicas es un t\u00edtulo propio de postgrado de la <a href=\"https:\/\/www.upv.es\/\">UPV<\/a>, promovido por la <strong><a aria-label=\"undefined (abre en una nueva pesta\u00f1a)\" href=\"http:\/\/www.upv.es\/entidades\/ETSIGCT\/indexc.html\" target=\"_blank\" rel=\"noreferrer noopener\">Escuela T\u00e9cnica Superior de Ingenier\u00eda Geod\u00e9sica, Cartogr\u00e1fica y Topogr\u00e1fica<\/a><\/strong>. Forma parte del un paquete de estudios coordinados que comprende: Master en Geometr\u00edas Jur\u00eddicas, Diploma de Especializaci\u00f3n en Geometr\u00edas Jur\u00eddicas y Experto Universitario en Georreferenciaci\u00f3n.<\/p><p>Este curso se oferta totalmente on-line, las clases se transmitir\u00e1n en streaming y se grabar\u00e1n para su visionado fuera del horario de impartici\u00f3n. Como se trata de una formaci\u00f3n \u00fanica en Espa\u00f1a, queremos facilitar el acceso a la formaci\u00f3n de estudiantes que no puedan desplazarse.<\/p><\/blockquote>\n\n\n\n<p><strong>La finalidad del M\u00e1ster en Geometr\u00edas Jur\u00eddicas es:<\/strong><\/p>\n\n\n\n<blockquote class=\"wp-block-quote is-layout-flow wp-block-quote-is-layout-flow\"><p>Conseguir una formaci\u00f3n integral que permita al alumnado ser t\u00e9cnico especialista en delimitaci\u00f3n precisa de la propiedad inmobiliaria.<\/p><p>Formar al alumnado en las materias jur\u00eddicas necesarias para realizar cualquier tipo de proyecto relacionado con la delimitaci\u00f3n precisa de la propiedad inmobiliaria y otros derechos reales.<\/p><p>Formar al alumnado en las materias tecnol\u00f3gicas necesarias para realizar cualquier tipo de proyecto relacionado con la delimitaci\u00f3n precisa de la propiedad inmobiliaria y otros derechos reales.<\/p><p>Planificar y ejecutar cualquier proyecto relacionado con la delimitaci\u00f3n o alteraci\u00f3n geom\u00e9trica de la propiedad inmobiliaria, ya sea con fines catastrales o registrales.<\/p><p>Llevar a cabo la georreferenciaci\u00f3n de cualquier bien inmueble, ya sea r\u00fastico o urbano. As\u00ed como la georreferenciaci\u00f3n de construcciones.<\/p><p>Efectuar labores de asesoramiento t\u00e9cnico-jur\u00eddico en el \u00e1mbito de la delimitaci\u00f3n de la propiedad inmobiliaria.<\/p><p>Ser capaz de diagnosticar, interpretar y resolver problemas relacionados con la delimitaci\u00f3n de la propiedad inmobiliaria.<\/p><p>Proponer acciones en los diferentes organismos relacionados con la delimitaci\u00f3n de la propiedad inmobiliaria (Registro de la Propiedad, Catastro&#8230;), encaminadas a incrementar la seguridad jur\u00eddica de los derechos sobre los bienes inmuebles.<\/p><\/blockquote>\n","protected":false},"excerpt":{"rendered":"<p>El objetivo del M\u00e1ster es formar al alumnado en materias jur\u00eddicas y tecnol\u00f3gicas necesarias para realizar cualquier tipo de proyecto relacionado con la delimitaci\u00f3n precisa de la propiedad inmobiliaria y otros derechos reales. El M\u00e1ster en Geometr\u00edas Jur\u00eddicas es un t\u00edtulo propio de postgrado de la UPV, promovido por la Escuela T\u00e9cnica Superior de Ingenier\u00eda &hellip; <a href=\"https:\/\/geometriasjurid.webs.upv.es\/index.php\/objetivo-del-master\/\" class=\"more-link\">Continuar leyendo<span class=\"screen-reader-text\"> \u00abObjetivo del M\u00e1ster\u00bb<\/span><\/a><\/p>\n","protected":false},"author":1,"featured_media":0,"parent":0,"menu_order":0,"comment_status":"closed","ping_status":"closed","template":"","meta":{"footnotes":""},"class_list":["post-2","page","type-page","status-publish","hentry"],"yoast_head":"<!-- This site is optimized with the Yoast SEO plugin v27.4 - https:\/\/yoast.com\/product\/yoast-seo-wordpress\/ -->\n<title>Objetivo del M\u00e1ster - M\u00e1ster en Geometr\u00edas Jur\u00eddicas<\/title>\n<meta name=\"description\" content=\"El objetivo del M\u00e1ster, t\u00edtulo propio de la UPV. Estudios coordinados: Master, Diploma de Especializaci\u00f3n y Experto Universitario.\" \/>\n<meta name=\"robots\" content=\"index, follow, max-snippet:-1, max-image-preview:large, max-video-preview:-1\" \/>\n<link rel=\"canonical\" href=\"https:\/\/geometriasjurid.webs.upv.es\/index.php\/objetivo-del-master\/\" \/>\n<meta property=\"og:locale\" content=\"es_ES\" \/>\n<meta property=\"og:type\" content=\"article\" \/>\n<meta property=\"og:title\" content=\"Objetivo del M\u00e1ster - M\u00e1ster en Geometr\u00edas Jur\u00eddicas\" \/>\n<meta property=\"og:description\" content=\"El objetivo del M\u00e1ster, t\u00edtulo propio de la UPV. Estudios coordinados: Master, Diploma de Especializaci\u00f3n y Experto Universitario.\" \/>\n<meta property=\"og:url\" content=\"https:\/\/geometriasjurid.webs.upv.es\/index.php\/objetivo-del-master\/\" \/>\n<meta property=\"og:site_name\" content=\"M\u00e1ster en Geometr\u00edas Jur\u00eddicas\" \/>\n<meta property=\"article:modified_time\" content=\"2021-06-25T09:57:20+00:00\" \/>\n<meta name=\"twitter:card\" content=\"summary_large_image\" \/>\n<meta name=\"twitter:label1\" content=\"Tiempo de lectura\" \/>\n\t<meta name=\"twitter:data1\" content=\"2 minutos\" \/>\n<script type=\"application\/ld+json\" class=\"yoast-schema-graph\">{\"@context\":\"https:\\\/\\\/schema.org\",\"@graph\":[{\"@type\":\"WebPage\",\"@id\":\"https:\\\/\\\/geometriasjurid.webs.upv.es\\\/index.php\\\/objetivo-del-master\\\/\",\"url\":\"https:\\\/\\\/geometriasjurid.webs.upv.es\\\/index.php\\\/objetivo-del-master\\\/\",\"name\":\"Objetivo del M\u00e1ster - M\u00e1ster en Geometr\u00edas Jur\u00eddicas\",\"isPartOf\":{\"@id\":\"https:\\\/\\\/geometriasjurid.webs.upv.es\\\/#website\"},\"datePublished\":\"2020-07-03T08:01:41+00:00\",\"dateModified\":\"2021-06-25T09:57:20+00:00\",\"description\":\"El objetivo del M\u00e1ster, t\u00edtulo propio de la UPV. Estudios coordinados: Master, Diploma de Especializaci\u00f3n y Experto Universitario.\",\"breadcrumb\":{\"@id\":\"https:\\\/\\\/geometriasjurid.webs.upv.es\\\/index.php\\\/objetivo-del-master\\\/#breadcrumb\"},\"inLanguage\":\"es\",\"potentialAction\":[{\"@type\":\"ReadAction\",\"target\":[\"https:\\\/\\\/geometriasjurid.webs.upv.es\\\/index.php\\\/objetivo-del-master\\\/\"]}]},{\"@type\":\"BreadcrumbList\",\"@id\":\"https:\\\/\\\/geometriasjurid.webs.upv.es\\\/index.php\\\/objetivo-del-master\\\/#breadcrumb\",\"itemListElement\":[{\"@type\":\"ListItem\",\"position\":1,\"name\":\"Home\",\"item\":\"https:\\\/\\\/geometriasjurid.webs.upv.es\\\/\"},{\"@type\":\"ListItem\",\"position\":2,\"name\":\"Objetivo del M\u00e1ster\"}]},{\"@type\":\"WebSite\",\"@id\":\"https:\\\/\\\/geometriasjurid.webs.upv.es\\\/#website\",\"url\":\"https:\\\/\\\/geometriasjurid.webs.upv.es\\\/\",\"name\":\"M\u00e1ster en Geometr\u00edas Jur\u00eddicas\",\"description\":\"Delimitaci\u00f3n precisa de la propiedad inmobiliaria\",\"publisher\":{\"@id\":\"https:\\\/\\\/geometriasjurid.webs.upv.es\\\/#organization\"},\"potentialAction\":[{\"@type\":\"SearchAction\",\"target\":{\"@type\":\"EntryPoint\",\"urlTemplate\":\"https:\\\/\\\/geometriasjurid.webs.upv.es\\\/?s={search_term_string}\"},\"query-input\":{\"@type\":\"PropertyValueSpecification\",\"valueRequired\":true,\"valueName\":\"search_term_string\"}}],\"inLanguage\":\"es\"},{\"@type\":\"Organization\",\"@id\":\"https:\\\/\\\/geometriasjurid.webs.upv.es\\\/#organization\",\"name\":\"M\u00e1ster en Geometr\u00edas Jur\u00eddicas\",\"url\":\"https:\\\/\\\/geometriasjurid.webs.upv.es\\\/\",\"logo\":{\"@type\":\"ImageObject\",\"inLanguage\":\"es\",\"@id\":\"https:\\\/\\\/geometriasjurid.webs.upv.es\\\/#\\\/schema\\\/logo\\\/image\\\/\",\"url\":\"https:\\\/\\\/geometriasjurid.webs.upv.es\\\/wp-content\\\/uploads\\\/2020\\\/07\\\/cropped-Logo-Favicon-1.jpg\",\"contentUrl\":\"https:\\\/\\\/geometriasjurid.webs.upv.es\\\/wp-content\\\/uploads\\\/2020\\\/07\\\/cropped-Logo-Favicon-1.jpg\",\"width\":240,\"height\":153,\"caption\":\"M\u00e1ster en Geometr\u00edas Jur\u00eddicas\"},\"image\":{\"@id\":\"https:\\\/\\\/geometriasjurid.webs.upv.es\\\/#\\\/schema\\\/logo\\\/image\\\/\"}}]}<\/script>\n<!-- \/ Yoast SEO plugin. -->","yoast_head_json":{"title":"Objetivo del M\u00e1ster - M\u00e1ster en Geometr\u00edas Jur\u00eddicas","description":"El objetivo del M\u00e1ster, t\u00edtulo propio de la UPV. Estudios coordinados: Master, Diploma de Especializaci\u00f3n y Experto Universitario.","robots":{"index":"index","follow":"follow","max-snippet":"max-snippet:-1","max-image-preview":"max-image-preview:large","max-video-preview":"max-video-preview:-1"},"canonical":"https:\/\/geometriasjurid.webs.upv.es\/index.php\/objetivo-del-master\/","og_locale":"es_ES","og_type":"article","og_title":"Objetivo del M\u00e1ster - M\u00e1ster en Geometr\u00edas Jur\u00eddicas","og_description":"El objetivo del M\u00e1ster, t\u00edtulo propio de la UPV. Estudios coordinados: Master, Diploma de Especializaci\u00f3n y Experto Universitario.","og_url":"https:\/\/geometriasjurid.webs.upv.es\/index.php\/objetivo-del-master\/","og_site_name":"M\u00e1ster en Geometr\u00edas Jur\u00eddicas","article_modified_time":"2021-06-25T09:57:20+00:00","twitter_card":"summary_large_image","twitter_misc":{"Tiempo de lectura":"2 minutos"},"schema":{"@context":"https:\/\/schema.org","@graph":[{"@type":"WebPage","@id":"https:\/\/geometriasjurid.webs.upv.es\/index.php\/objetivo-del-master\/","url":"https:\/\/geometriasjurid.webs.upv.es\/index.php\/objetivo-del-master\/","name":"Objetivo del M\u00e1ster - M\u00e1ster en Geometr\u00edas Jur\u00eddicas","isPartOf":{"@id":"https:\/\/geometriasjurid.webs.upv.es\/#website"},"datePublished":"2020-07-03T08:01:41+00:00","dateModified":"2021-06-25T09:57:20+00:00","description":"El objetivo del M\u00e1ster, t\u00edtulo propio de la UPV. Estudios coordinados: Master, Diploma de Especializaci\u00f3n y Experto Universitario.","breadcrumb":{"@id":"https:\/\/geometriasjurid.webs.upv.es\/index.php\/objetivo-del-master\/#breadcrumb"},"inLanguage":"es","potentialAction":[{"@type":"ReadAction","target":["https:\/\/geometriasjurid.webs.upv.es\/index.php\/objetivo-del-master\/"]}]},{"@type":"BreadcrumbList","@id":"https:\/\/geometriasjurid.webs.upv.es\/index.php\/objetivo-del-master\/#breadcrumb","itemListElement":[{"@type":"ListItem","position":1,"name":"Home","item":"https:\/\/geometriasjurid.webs.upv.es\/"},{"@type":"ListItem","position":2,"name":"Objetivo del M\u00e1ster"}]},{"@type":"WebSite","@id":"https:\/\/geometriasjurid.webs.upv.es\/#website","url":"https:\/\/geometriasjurid.webs.upv.es\/","name":"M\u00e1ster en Geometr\u00edas Jur\u00eddicas","description":"Delimitaci\u00f3n precisa de la propiedad inmobiliaria","publisher":{"@id":"https:\/\/geometriasjurid.webs.upv.es\/#organization"},"potentialAction":[{"@type":"SearchAction","target":{"@type":"EntryPoint","urlTemplate":"https:\/\/geometriasjurid.webs.upv.es\/?s={search_term_string}"},"query-input":{"@type":"PropertyValueSpecification","valueRequired":true,"valueName":"search_term_string"}}],"inLanguage":"es"},{"@type":"Organization","@id":"https:\/\/geometriasjurid.webs.upv.es\/#organization","name":"M\u00e1ster en Geometr\u00edas Jur\u00eddicas","url":"https:\/\/geometriasjurid.webs.upv.es\/","logo":{"@type":"ImageObject","inLanguage":"es","@id":"https:\/\/geometriasjurid.webs.upv.es\/#\/schema\/logo\/image\/","url":"https:\/\/geometriasjurid.webs.upv.es\/wp-content\/uploads\/2020\/07\/cropped-Logo-Favicon-1.jpg","contentUrl":"https:\/\/geometriasjurid.webs.upv.es\/wp-content\/uploads\/2020\/07\/cropped-Logo-Favicon-1.jpg","width":240,"height":153,"caption":"M\u00e1ster en Geometr\u00edas Jur\u00eddicas"},"image":{"@id":"https:\/\/geometriasjurid.webs.upv.es\/#\/schema\/logo\/image\/"}}]}},"_links":{"self":[{"href":"https:\/\/geometriasjurid.webs.upv.es\/index.php\/wp-json\/wp\/v2\/pages\/2","targetHints":{"allow":["GET"]}}],"collection":[{"href":"https:\/\/geometriasjurid.webs.upv.es\/index.php\/wp-json\/wp\/v2\/pages"}],"about":[{"href":"https:\/\/geometriasjurid.webs.upv.es\/index.php\/wp-json\/wp\/v2\/types\/page"}],"author":[{"embeddable":true,"href":"https:\/\/geometriasjurid.webs.upv.es\/index.php\/wp-json\/wp\/v2\/users\/1"}],"replies":[{"embeddable":true,"href":"https:\/\/geometriasjurid.webs.upv.es\/index.php\/wp-json\/wp\/v2\/comments?post=2"}],"version-history":[{"count":15,"href":"https:\/\/geometriasjurid.webs.upv.es\/index.php\/wp-json\/wp\/v2\/pages\/2\/revisions"}],"predecessor-version":[{"id":550,"href":"https:\/\/geometriasjurid.webs.upv.es\/index.php\/wp-json\/wp\/v2\/pages\/2\/revisions\/550"}],"wp:attachment":[{"href":"https:\/\/geometriasjurid.webs.upv.es\/index.php\/wp-json\/wp\/v2\/media?parent=2"}],"curies":[{"name":"wp","href":"https:\/\/api.w.org\/{rel}","templated":true}]}}

Objetivo del Máster

<blockquote class="wp-block-quote is-layout-flow wp-block-quote-is-layout-flow"><p>El objetivo del Máster es formar al alumnado en materias jurídicas y tecnológicas necesarias para realizar cualquier tipo de proyecto relacionado con la delimitación precisa de la propiedad inmobiliaria y otros derechos reales.</p><p>El Máster en Geometrías Jurídicas es un título propio de postgrado de la <a href="https://www.upv.es/">UPV</a>, promovido por la <strong><a aria-label="undefined (abre en una nueva pestaña)" href="http://www.upv.es/entidades/ETSIGCT/indexc.html" target="_blank" rel="noreferrer noopener">Escuela Técnica Superior de Ingeniería Geodésica, Cartográfica y Topográfica</a></strong>. Forma parte del un paquete de estudios coordinados que comprende: Master en Geometrías Jurídicas, Diploma de Especialización en Geometrías Jurídicas y Experto Universitario en Georreferenciación.</p><p>Este curso se oferta totalmente on-line, las clases se transmitirán en streaming y se grabarán para su visionado fuera del horario de impartición. Como se trata de una formación única en España, queremos facilitar el acceso a la formación de estudiantes que no puedan desplazarse.</p></blockquote>



<p><strong>La finalidad del Máster en Geometrías Jurídicas es:</strong></p>



<blockquote class="wp-block-quote is-layout-flow wp-block-quote-is-layout-flow"><p>Conseguir una formación integral que permita al alumnado ser técnico especialista en delimitación precisa de la propiedad inmobiliaria.</p><p>Formar al alumnado en las materias jurídicas necesarias para realizar cualquier tipo de proyecto relacionado con la delimitación precisa de la propiedad inmobiliaria y otros derechos reales.</p><p>Formar al alumnado en las materias tecnológicas necesarias para realizar cualquier tipo de proyecto relacionado con la delimitación precisa de la propiedad inmobiliaria y otros derechos reales.</p><p>Planificar y ejecutar cualquier proyecto relacionado con la delimitación o alteración geométrica de la propiedad inmobiliaria, ya sea con fines catastrales o registrales.</p><p>Llevar a cabo la georreferenciación de cualquier bien inmueble, ya sea rústico o urbano. Así como la georreferenciación de construcciones.</p><p>Efectuar labores de asesoramiento técnico-jurídico en el ámbito de la delimitación de la propiedad inmobiliaria.</p><p>Ser capaz de diagnosticar, interpretar y resolver problemas relacionados con la delimitación de la propiedad inmobiliaria.</p><p>Proponer acciones en los diferentes organismos relacionados con la delimitación de la propiedad inmobiliaria (Registro de la Propiedad, Catastro&#8230;), encaminadas a incrementar la seguridad jurídica de los derechos sobre los bienes inmuebles.</p></blockquote>

<p>El objetivo del Máster es formar al alumnado en materias jurídicas y tecnológicas necesarias para realizar cualquier tipo de proyecto relacionado con la delimitación precisa de la propiedad inmobiliaria y otros derechos reales. El Máster en Geometrías Jurídicas es un título propio de postgrado de la UPV, promovido por la Escuela Técnica Superior de Ingeniería &hellip; <a href="https://geometriasjurid.webs.upv.es/index.php/objetivo-del-master/" class="more-link">Continuar leyendo<span class="screen-reader-text"> «Objetivo del Máster»</span></a></p>

<!-- This site is optimized with the Yoast SEO plugin v27.4 - https://yoast.com/product/yoast-seo-wordpress/ -->
<title>Objetivo del Máster - Máster en Geometrías Jurídicas</title>
<meta name="description" content="El objetivo del Máster, título propio de la UPV. Estudios coordinados: Master, Diploma de Especialización y Experto Universitario." />
<meta name="robots" content="index, follow, max-snippet:-1, max-image-preview:large, max-video-preview:-1" />
<link rel="canonical" href="https://geometriasjurid.webs.upv.es/index.php/objetivo-del-master/" />
<meta property="og:locale" content="es_ES" />
<meta property="og:type" content="article" />
<meta property="og:title" content="Objetivo del Máster - Máster en Geometrías Jurídicas" />
<meta property="og:description" content="El objetivo del Máster, título propio de la UPV. Estudios coordinados: Master, Diploma de Especialización y Experto Universitario." />
<meta property="og:url" content="https://geometriasjurid.webs.upv.es/index.php/objetivo-del-master/" />
<meta property="og:site_name" content="Máster en Geometrías Jurídicas" />
<meta property="article:modified_time" content="2021-06-25T09:57:20+00:00" />
<meta name="twitter:card" content="summary_large_image" />
<meta name="twitter:label1" content="Tiempo de lectura" />
	<meta name="twitter:data1" content="2 minutos" />
<script type="application/ld+json" class="yoast-schema-graph">{"@context":"https:\/\/schema.org","@graph":[{"@type":"WebPage","@id":"https:\/\/geometriasjurid.webs.upv.es\/index.php\/objetivo-del-master\/","url":"https:\/\/geometriasjurid.webs.upv.es\/index.php\/objetivo-del-master\/","name":"Objetivo del Máster - Máster en Geometrías Jurídicas","isPartOf":{"@id":"https:\/\/geometriasjurid.webs.upv.es\/#website"},"datePublished":"2020-07-03T08:01:41+00:00","dateModified":"2021-06-25T09:57:20+00:00","description":"El objetivo del Máster, título propio de la UPV. Estudios coordinados: Master, Diploma de Especialización y Experto Universitario.","breadcrumb":{"@id":"https:\/\/geometriasjurid.webs.upv.es\/index.php\/objetivo-del-master\/#breadcrumb"},"inLanguage":"es","potentialAction":[{"@type":"ReadAction","target":["https:\/\/geometriasjurid.webs.upv.es\/index.php\/objetivo-del-master\/"]}]},{"@type":"BreadcrumbList","@id":"https:\/\/geometriasjurid.webs.upv.es\/index.php\/objetivo-del-master\/#breadcrumb","itemListElement":[{"@type":"ListItem","position":1,"name":"Home","item":"https:\/\/geometriasjurid.webs.upv.es\/"},{"@type":"ListItem","position":2,"name":"Objetivo del Máster"}]},{"@type":"WebSite","@id":"https:\/\/geometriasjurid.webs.upv.es\/#website","url":"https:\/\/geometriasjurid.webs.upv.es\/","name":"Máster en Geometrías Jurídicas","description":"Delimitación precisa de la propiedad inmobiliaria","publisher":{"@id":"https:\/\/geometriasjurid.webs.upv.es\/#organization"},"potentialAction":[{"@type":"SearchAction","target":{"@type":"EntryPoint","urlTemplate":"https:\/\/geometriasjurid.webs.upv.es\/?s={search_term_string}"},"query-input":{"@type":"PropertyValueSpecification","valueRequired":true,"valueName":"search_term_string"}}],"inLanguage":"es"},{"@type":"Organization","@id":"https:\/\/geometriasjurid.webs.upv.es\/#organization","name":"Máster en Geometrías Jurídicas","url":"https:\/\/geometriasjurid.webs.upv.es\/","logo":{"@type":"ImageObject","inLanguage":"es","@id":"https:\/\/geometriasjurid.webs.upv.es\/#\/schema\/logo\/image\/","url":"https:\/\/geometriasjurid.webs.upv.es\/wp-content\/uploads\/2020\/07\/cropped-Logo-Favicon-1.jpg","contentUrl":"https:\/\/geometriasjurid.webs.upv.es\/wp-content\/uploads\/2020\/07\/cropped-Logo-Favicon-1.jpg","width":240,"height":153,"caption":"Máster en Geometrías Jurídicas"},"image":{"@id":"https:\/\/geometriasjurid.webs.upv.es\/#\/schema\/logo\/image\/"}}]}</script>
<!-- / Yoast SEO plugin. -->

Objetivo del Máster - Máster en Geometrías Jurídicas

El objetivo del Máster, título propio de la UPV. Estudios coordinados: Master, Diploma de Especialización y Experto Universitario.

Máster en Geometrías Jurídicas

Delimitación precisa de la propiedad inmobiliaria
